{"id":49,"date":"2016-11-21T07:42:44","date_gmt":"2016-11-21T07:42:44","guid":{"rendered":"http:\/\/www.lebanonywca.org\/beirut\/?page_id=49"},"modified":"2024-04-29T09:02:12","modified_gmt":"2024-04-29T09:02:12","slug":"youth-training-and-exchange-program","status":"publish","type":"page","link":"https:\/\/www.lebanonywca.org\/beirut\/youth-training-and-exchange-program\/","title":{"rendered":"YOUTH EMPOWERMENT"},"content":{"rendered":"\n<h2 class=\"wp-block-heading\">Youth Mobility: Intercultural Learning\/Exchange Program <\/h2>\n\n\n\n<p>YWCA-Beirut was accredited in 2015 as a receiving and sending organization within the European Commission\u2019s Erasmus+ Program.&nbsp; We are certified as an organisation taking part in the Corps to provide the necessary conditions for young people to participate in solidarity activities. &nbsp;This entitles us to get involved in the mobility project in charge of sending young people and youth workers abroad or in hosting them.<br>Young volunteers (18 \u2013 30 years old) participating in the European Solidarity Corps (ESC) can choose to work in a wide range of fields: culture &#8211; sports &#8211; education &#8211; environment heritage\u2026 and benefit from learning the culture and language of the host country.<\/p>\n\n\n\n<h3 class=\"wp-block-heading\"><mark style=\"background-color:rgba(0, 0, 0, 0)\" class=\"has-inline-color has-vivid-red-color\">Projects:<\/mark><\/h3>\n\n\n\n<h3 class=\"wp-block-heading\"><strong>Be Brave: Express Yourself<\/strong> (2013)<\/h3>\n\n\n\n<p>Implementation of \u201cBe Brave: Express Yourself\u201d Training course in line with the YWCA objective to strengthen freedom of expression and dissemination of<br>the culture of inter-community dialogue among young women and youth, the YWCA-Beirut initiated a training course under the title of \u201cBe Brave: Express Yourself\u201d. The Contracting Authority was the Ministry of Youth and Sports and it was funded by the European Union. Twenty young leaders from Egypt, Italy, Hungary and from 8 different associations in Lebanon gathered here, to receive training on the freedom of expression.<br>The training was not lecture structured but rather an interactive and dynamic learning experience using non-formal educational methods, where all the participants discussed their ideas freely.<\/p>\n\n\n\n<figure class=\"wp-block-gallery has-nested-images columns-default is-cropped wp-block-gallery-1 is-layout-flex wp-block-gallery-is-layout-flex\">\n<figure class=\"wp-block-image size-large\"><img loading=\"lazy\" decoding=\"async\" width=\"458\" height=\"349\" data-id=\"1707\" src=\"https:\/\/www.lebanonywca.org\/beirut\/wp-content\/uploads\/2024\/04\/Be-brace-2-1.jpeg\" alt=\"\" class=\"wp-image-1707\" srcset=\"https:\/\/www.lebanonywca.org\/beirut\/wp-content\/uploads\/2024\/04\/Be-brace-2-1.jpeg 458w, https:\/\/www.lebanonywca.org\/beirut\/wp-content\/uploads\/2024\/04\/Be-brace-2-1-300x229.jpeg 300w\" sizes=\"auto, (max-width: 458px) 100vw, 458px\" \/><\/figure>\n\n\n\n<figure class=\"wp-block-image size-large\"><img loading=\"lazy\" decoding=\"async\" width=\"960\" height=\"720\" data-id=\"1708\" src=\"https:\/\/www.lebanonywca.org\/beirut\/wp-content\/uploads\/2024\/04\/Be-brave-1-1.jpg\" alt=\"\" class=\"wp-image-1708\" srcset=\"https:\/\/www.lebanonywca.org\/beirut\/wp-content\/uploads\/2024\/04\/Be-brave-1-1.jpg 960w, https:\/\/www.lebanonywca.org\/beirut\/wp-content\/uploads\/2024\/04\/Be-brave-1-1-300x225.jpg 300w, https:\/\/www.lebanonywca.org\/beirut\/wp-content\/uploads\/2024\/04\/Be-brave-1-1-768x576.jpg 768w\" sizes=\"auto, (max-width: 960px) 100vw, 960px\" \/><\/figure>\n\n\n\n<figure class=\"wp-block-image size-large\"><img loading=\"lazy\" decoding=\"async\" width=\"1024\" height=\"685\" data-id=\"1710\" src=\"https:\/\/www.lebanonywca.org\/beirut\/wp-content\/uploads\/2024\/04\/3-1024x685.jpg\" alt=\"\" class=\"wp-image-1710\" srcset=\"https:\/\/www.lebanonywca.org\/beirut\/wp-content\/uploads\/2024\/04\/3-1024x685.jpg 1024w, https:\/\/www.lebanonywca.org\/beirut\/wp-content\/uploads\/2024\/04\/3-300x201.jpg 300w, https:\/\/www.lebanonywca.org\/beirut\/wp-content\/uploads\/2024\/04\/3-768x514.jpg 768w, https:\/\/www.lebanonywca.org\/beirut\/wp-content\/uploads\/2024\/04\/3-1536x1028.jpg 1536w, https:\/\/www.lebanonywca.org\/beirut\/wp-content\/uploads\/2024\/04\/3-2048x1371.jpg 2048w\" sizes=\"auto, (max-width: 1024px) 100vw, 1024px\" \/><\/figure>\n\n\n\n<figure class=\"wp-block-image size-large\"><img loading=\"lazy\" decoding=\"async\" width=\"1024\" height=\"540\" data-id=\"1709\" src=\"https:\/\/www.lebanonywca.org\/beirut\/wp-content\/uploads\/2024\/04\/11-11-1024x540.jpg\" alt=\"\" class=\"wp-image-1709\" srcset=\"https:\/\/www.lebanonywca.org\/beirut\/wp-content\/uploads\/2024\/04\/11-11-1024x540.jpg 1024w, https:\/\/www.lebanonywca.org\/beirut\/wp-content\/uploads\/2024\/04\/11-11-300x158.jpg 300w, https:\/\/www.lebanonywca.org\/beirut\/wp-content\/uploads\/2024\/04\/11-11-768x405.jpg 768w, https:\/\/www.lebanonywca.org\/beirut\/wp-content\/uploads\/2024\/04\/11-11-1536x809.jpg 1536w, https:\/\/www.lebanonywca.org\/beirut\/wp-content\/uploads\/2024\/04\/11-11.jpg 1936w\" sizes=\"auto, (max-width: 1024px) 100vw, 1024px\" \/><\/figure>\n<\/figure>\n\n\n\n<h3 class=\"wp-block-heading\"><strong><mark style=\"background-color:rgba(0, 0, 0, 0)\" class=\"has-inline-color has-vivid-red-color\">European Voluntary Service (EVS) Program<\/mark><\/strong><\/h3>\n\n\n\n<h3 class=\"wp-block-heading has-text-align-left\">&#8220;<strong>JOIN US&#8221; Project (2017)<\/strong><\/h3>\n\n\n\n<p>Hosting Angelika and Asia during their\u00a0European Voluntary Service\u00a0at the YWCA Technical School in collaboration with Fundacja Rozwoju Spo\u0142ecze\u0144stwa Przedsi\u0119biorczego (FRSP)<\/p>\n\n\n\n<figure class=\"wp-block-video\"><video height=\"720\" style=\"aspect-ratio: 1280 \/ 720;\" width=\"1280\" controls src=\"https:\/\/www.lebanonywca.org\/beirut\/wp-content\/uploads\/2024\/04\/1556088801111565.mp4\"><\/video><\/figure>\n\n\n\n<figure class=\"wp-block-video\"><video height=\"600\" style=\"aspect-ratio: 600 \/ 600;\" width=\"600\" controls src=\"https:\/\/www.lebanonywca.org\/beirut\/wp-content\/uploads\/2024\/04\/1283061585148135.mp4\"><\/video><\/figure>\n\n\n\n<p>Hosting Anna Mazzetto from February till April 2018 in collaboration with &#8220;Service Volontaire International&#8221;<\/p>\n\n\n\n<div class=\"wp-block-group\"><div class=\"wp-block-group__inner-container is-layout-constrained wp-block-group-is-layout-constrained\">\n<div class=\"wp-block-group\"><div class=\"wp-block-group__inner-container is-layout-constrained wp-block-group-is-layout-constrained\"><div class=\"wp-block-image\">\n<figure class=\"aligncenter size-full is-resized\"><img loading=\"lazy\" decoding=\"async\" width=\"300\" height=\"225\" src=\"https:\/\/www.lebanonywca.org\/beirut\/wp-content\/uploads\/2024\/04\/Anna-1-2.jpg\" alt=\"\" class=\"wp-image-1705\" style=\"width:462px;height:auto\"\/><\/figure>\n<\/div>\n\n\n<figure class=\"wp-block-gallery has-nested-images columns-default is-cropped wp-block-gallery-2 is-layout-flex wp-block-gallery-is-layout-flex\">\n<figure class=\"wp-block-image size-full\"><img loading=\"lazy\" decoding=\"async\" width=\"960\" height=\"720\" data-id=\"1706\" src=\"https:\/\/www.lebanonywca.org\/beirut\/wp-content\/uploads\/2024\/04\/30724582_1671755922945364_6359714523665924096_n-2.jpg\" alt=\"\" class=\"wp-image-1706\" srcset=\"https:\/\/www.lebanonywca.org\/beirut\/wp-content\/uploads\/2024\/04\/30724582_1671755922945364_6359714523665924096_n-2.jpg 960w, https:\/\/www.lebanonywca.org\/beirut\/wp-content\/uploads\/2024\/04\/30724582_1671755922945364_6359714523665924096_n-2-300x225.jpg 300w, https:\/\/www.lebanonywca.org\/beirut\/wp-content\/uploads\/2024\/04\/30724582_1671755922945364_6359714523665924096_n-2-768x576.jpg 768w\" sizes=\"auto, (max-width: 960px) 100vw, 960px\" \/><\/figure>\n\n\n\n<figure class=\"wp-block-image size-large\"><img loading=\"lazy\" decoding=\"async\" width=\"768\" height=\"1024\" data-id=\"1702\" src=\"https:\/\/www.lebanonywca.org\/beirut\/wp-content\/uploads\/2024\/04\/WhatsApp-Image-2024-04-29-at-10.39.31-AM-4-768x1024.jpeg\" alt=\"\" class=\"wp-image-1702\" srcset=\"https:\/\/www.lebanonywca.org\/beirut\/wp-content\/uploads\/2024\/04\/WhatsApp-Image-2024-04-29-at-10.39.31-AM-4-768x1024.jpeg 768w, https:\/\/www.lebanonywca.org\/beirut\/wp-content\/uploads\/2024\/04\/WhatsApp-Image-2024-04-29-at-10.39.31-AM-4-225x300.jpeg 225w, https:\/\/www.lebanonywca.org\/beirut\/wp-content\/uploads\/2024\/04\/WhatsApp-Image-2024-04-29-at-10.39.31-AM-4-1152x1536.jpeg 1152w, https:\/\/www.lebanonywca.org\/beirut\/wp-content\/uploads\/2024\/04\/WhatsApp-Image-2024-04-29-at-10.39.31-AM-4.jpeg 1200w\" sizes=\"auto, (max-width: 768px) 100vw, 768px\" \/><\/figure>\n<\/figure>\n<\/div><\/div>\n<\/div><\/div>\n\n\n\n<p><em>&#8220;YWCA is a sparkling association, coloured with an amazing community of women and young people. In a country where women rights are still difficult to achieve, YWCA-Beirut never gives up and they are very active in the community they are part of. By talking to them and observing them I have learnt that women&#8217;s life can take different twists, but you should always be steady for yourself and for other girls who need your example in their future. I wish this association to keep on being so lively and to remain loyal to its values regardless from the results. I would encourage without doubts other young volunteers to take part in YWCA activities because I am sure it would be an enriching and educational experience as it was for me. Last but not the least, they have been able to be for me a point of reference for anything I would need in Lebanon, and this is very important when you are travelling alone. I hope to see all of them soon and a warmest thank for everything!&#8221; <strong>Anna<\/strong><\/em><\/p>\n\n\n\n<p class=\"has-text-align-center\"><strong>Aga and Milena, Polish volunteers, at the YWCA-Beirut Technical College<\/strong><\/p>\n\n\n\n<p class=\"has-text-align-center\"><strong><em>&#8220;(Dis) advantaged &#8211; equalizing opportunities&#8221; <\/em><\/strong><\/p>\n\n\n\n<figure class=\"wp-block-gallery has-nested-images columns-default is-cropped wp-block-gallery-3 is-layout-flex wp-block-gallery-is-layout-flex\">\n<figure class=\"wp-block-image size-full\"><img loading=\"lazy\" decoding=\"async\" width=\"150\" height=\"150\" data-id=\"1616\" src=\"https:\/\/www.lebanonywca.org\/beirut\/wp-content\/uploads\/2024\/03\/KCZV8996-3-150x150-3.jpg\" alt=\"\" class=\"wp-image-1616\"\/><\/figure>\n\n\n\n<figure class=\"wp-block-image size-full\"><img loading=\"lazy\" decoding=\"async\" width=\"150\" height=\"150\" data-id=\"1617\" src=\"https:\/\/www.lebanonywca.org\/beirut\/wp-content\/uploads\/2024\/03\/JJDF3885-3-150x150-2.jpg\" alt=\"\" class=\"wp-image-1617\"\/><\/figure>\n<figcaption class=\"blocks-gallery-caption wp-element-caption\">From November 2018 till May 2019 and under the project &#8220;(Dis) advantaged- equalizing opportunities&#8221;, YWCA-Beirut hosted two Polish girls, Aga and Milena.<\/figcaption><\/figure>\n\n\n\n<p><\/p>\n\n\n\n<div class=\"wp-block-columns are-vertically-aligned-center is-layout-flex wp-container-core-columns-is-layout-9d6595d7 wp-block-columns-is-layout-flex\">\n<div class=\"wp-block-column is-layout-flow wp-block-column-is-layout-flow\">\n<p><em>&#8220;The first months has been enjoyable and a challenging at the same time. In contrary to what I though, it was quite easy to adjust to a new place and culture. This is probably because of all friendly people both in YWCA Beirut and it the city in general. Our new colleagues, not only the teachers of the Technical College, but also the employees of the administration and the hostel, seem like they are friends, which contributes to a relaxed, family atmosphere. One of the greatest things to have done in November was starting to learn Arabic&#8221; <\/em><strong>Milena<\/strong><\/p>\n<\/div>\n<\/div>\n\n\n\n<p><\/p>\n\n\n\n<h3 class=\"wp-block-heading\"><strong><mark style=\"background-color:rgba(0, 0, 0, 0)\" class=\"has-inline-color has-vivid-red-color\">Training Courses<\/mark><\/strong><\/h3>\n\n\n\n<h3 class=\"wp-block-heading\">GUAT 3 <\/h3>\n\n\n\n<h3 class=\"wp-block-heading\"><strong>November 2022<\/strong><\/h3>\n\n\n\n<div class=\"wp-block-media-text is-stacked-on-mobile\" style=\"grid-template-columns:36% auto\"><figure class=\"wp-block-media-text__media\"><video controls src=\"https:\/\/www.lebanonywca.org\/beirut\/wp-content\/uploads\/2024\/02\/Untitled-design-2.mp4\"><\/video><\/figure><div class=\"wp-block-media-text__content\">\n<p class=\"has-text-align-left\"><strong>Joelle Khayyat <\/strong>shares her experience in participating in the Gender upon a Time (GUAT) 3 seminar in Italy&nbsp;<img loading=\"lazy\" decoding=\"async\" width=\"16\" height=\"16\" src=\"https:\/\/static.xx.fbcdn.net\/images\/emoji.php\/v9\/tb9\/1\/16\/1f1ee_1f1f9.png\" alt=\"\ud83c\uddee\ud83c\uddf9\">&nbsp;where she represented YWCA-Beirut&nbsp;<img loading=\"lazy\" decoding=\"async\" width=\"16\" height=\"16\" src=\"https:\/\/static.xx.fbcdn.net\/images\/emoji.php\/v9\/t43\/1\/16\/1f1f1_1f1e7.png\" alt=\"\ud83c\uddf1\ud83c\udde7\"> as a youth worker. In the seminar which aims to promote gender equity and develop the skills of youth workers in facilitating all genders\u2019 roles and inclusion in decision making processes, Joelle gained major insight and was able to improve her skills as well as see the similarities and differences between her and other youth workers around the world with whom she decided to work with towards outputs in efforts to create a global community.<\/p>\n<\/div><\/div>\n\n\n\n<p><\/p>\n\n\n\n<p><\/p>\n\n\n\n<p><\/p>\n\n\n\n<h3 class=\"wp-block-heading\"><strong><mark style=\"background-color:rgba(0, 0, 0, 0)\" class=\"has-inline-color has-vivid-red-color\">European Solidarity Corps (ESC)<\/mark><\/strong><\/h3>\n\n\n\n<h3 class=\"wp-block-heading\"><strong>July 2023 &#8211; January 2024<\/strong><\/h3>\n\n\n\n<figure class=\"wp-block-image\"><img loading=\"lazy\" decoding=\"async\" width=\"300\" height=\"286\" src=\"https:\/\/www.lebanonywca.org\/beirut\/wp-content\/uploads\/2024\/03\/WhatsApp-Image-2024-02-28-at-12.56.17-PM-1-300x286-1.jpg\" alt=\"\" class=\"wp-image-1608\"\/><\/figure>\n\n\n\n<p style=\"font-size:0px\"><em>\u201cAfter my first month in Lebanon, what left the strongest impression on me was how welcoming and friendly its people are. Since day one, everyone I have come across has been helpful, weather it was finding the way, recommending places to eat or shop, or with crossing the street. Another thing that really has to be mentioned is the food. Lebanese people, regardless of their background, are very proud of their cuisine and you can often hear them call it the best food in the world. Well, I can honestly say that there is a lot of truth in that statement. My favorite new place that I visited in December was Tripoli, where I made friends and met very kind people\u201d<\/em> <strong>Aga<\/strong><\/p>\n\n\n\n<div class=\"wp-block-media-text is-stacked-on-mobile is-vertically-aligned-top\" style=\"grid-template-columns:36% auto\"><figure class=\"wp-block-media-text__media\"><video controls src=\"https:\/\/www.lebanonywca.org\/beirut\/wp-content\/uploads\/2024\/02\/WhatsApp-Video-2024-02-28-at-11.31.08-AM.mp4\"><\/video><\/figure><div class=\"wp-block-media-text__content\">\n<p><strong>Garine Topouskanian<\/strong> during her 6-month volunteering experience in&nbsp;Poland: <\/p>\n\n\n\n<p><em>&#8220;My role as an office worker, social media coordinator, coupled with cultural workshops, youth exchange initiatives, high school workshops, and informal English teaching, provided me with a well-rounded volunteering experience. These activities not only benefited the organisation and its volunteers but also allowed me to develop personally and professionally. I am grateful for the opportunity to contribute to such meaningful projects and believe that the impact will resonate positively within the community for years to come.&#8221;<\/em><\/p>\n<\/div><\/div>\n\n\n\n<p><\/p>\n\n\n\n<h3 class=\"wp-block-heading\"><strong>October 2023 <\/strong><\/h3>\n\n\n\n<div class=\"wp-block-media-text is-stacked-on-mobile\" style=\"grid-template-columns:37% auto\"><figure class=\"wp-block-media-text__media\"><video controls src=\"https:\/\/www.lebanonywca.org\/beirut\/wp-content\/uploads\/2024\/03\/GKvgoBlVsZuWvd8AAOE8UyS8X-RHbmdjAAAF.mp4\"><\/video><\/figure><div class=\"wp-block-media-text__content\">\n<p>YWCA Youth Volunteer <strong>Jinan Zaaiter <\/strong>began her one-year volunteering experience through&nbsp;the European Solidarity Corps (ESC) in Spain with the goal of developing social, personal, and cultural skills as part of the Erasmus Plus program.<\/p>\n<\/div><\/div>\n","protected":false},"excerpt":{"rendered":"<p>Youth Mobility: Intercultural Learning\/Exchange Program YWCA-Beirut was accredited in 2015<\/p>\n<p><a href=\"https:\/\/www.lebanonywca.org\/beirut\/youth-training-and-exchange-program\/\" rel=\"nofollow\" class=\"rmore\">read more<i class=\"fa fa-angle-right\" aria-hidden=\"true\"><\/i><\/a><\/p>\n","protected":false},"author":3,"featured_media":153,"parent":0,"menu_order":0,"comment_status":"closed","ping_status":"closed","template":"page-yellowlayout.php","meta":{"_acf_changed":false,"footnotes":""},"class_list":["post-49","page","type-page","status-publish","has-post-thumbnail","hentry"],"acf":[],"aioseo_notices":[],"_links":{"self":[{"href":"https:\/\/www.lebanonywca.org\/beirut\/wp-json\/wp\/v2\/pages\/49","targetHints":{"allow":["GET"]}}],"collection":[{"href":"https:\/\/www.lebanonywca.org\/beirut\/wp-json\/wp\/v2\/pages"}],"about":[{"href":"https:\/\/www.lebanonywca.org\/beirut\/wp-json\/wp\/v2\/types\/page"}],"author":[{"embeddable":true,"href":"https:\/\/www.lebanonywca.org\/beirut\/wp-json\/wp\/v2\/users\/3"}],"replies":[{"embeddable":true,"href":"https:\/\/www.lebanonywca.org\/beirut\/wp-json\/wp\/v2\/comments?post=49"}],"version-history":[{"count":150,"href":"https:\/\/www.lebanonywca.org\/beirut\/wp-json\/wp\/v2\/pages\/49\/revisions"}],"predecessor-version":[{"id":1713,"href":"https:\/\/www.lebanonywca.org\/beirut\/wp-json\/wp\/v2\/pages\/49\/revisions\/1713"}],"wp:featuredmedia":[{"embeddable":true,"href":"https:\/\/www.lebanonywca.org\/beirut\/wp-json\/wp\/v2\/media\/153"}],"wp:attachment":[{"href":"https:\/\/www.lebanonywca.org\/beirut\/wp-json\/wp\/v2\/media?parent=49"}],"curies":[{"name":"wp","href":"https:\/\/api.w.org\/{rel}","templated":true}]}}